[INFO] fetching crate duckduckgeo 0.4.1...
[INFO] checking duckduckgeo-0.4.1 against master#cfbc6d4cf1acbac5c025acf8ed68929caa551df3 for pr-75494-beta
[INFO] extracting crate duckduckgeo 0.4.1 into /workspace/builds/worker-2/source
[INFO] validating manifest of crates.io crate duckduckgeo 0.4.1 on toolchain cfbc6d4cf1acbac5c025acf8ed68929caa551df3
[INFO] running `Command { std: "/workspace/cargo-home/bin/cargo" "+cfbc6d4cf1acbac5c025acf8ed68929caa551df3" "read-manifest" "--manifest-path" "Cargo.toml", kill_on_drop: false }`
[INFO] started tweaking crates.io crate duckduckgeo 0.4.1
[INFO] finished tweaking crates.io crate duckduckgeo 0.4.1
[INFO] tweaked toml for crates.io crate duckduckgeo 0.4.1 written to /workspace/builds/worker-2/source/Cargo.toml
[INFO] running `Command { std: "/workspace/cargo-home/bin/cargo" "+cfbc6d4cf1acbac5c025acf8ed68929caa551df3" "generate-lockfile" "--manifest-path" "Cargo.toml" "-Zno-index-update", kill_on_drop: false }`
[INFO] running `Command { std: "/workspace/cargo-home/bin/cargo" "+cfbc6d4cf1acbac5c025acf8ed68929caa551df3" "fetch" "--locked" "--manifest-path" "Cargo.toml", kill_on_drop: false }`
[INFO] [stderr]  Downloading crates ...
[INFO] [stderr]   Downloaded dists v0.3.1
[INFO] running `Command { std: "docker" "create" "-v" "/var/lib/crater-agent-workspace/builds/worker-2/target:/opt/rustwide/target:rw,Z" "-v" "/var/lib/crater-agent-workspace/builds/worker-2/source:/opt/rustwide/workdir:ro,Z" "-v" "/var/lib/crater-agent-workspace/cargo-home:/opt/rustwide/cargo-home:ro,Z" "-v" "/var/lib/crater-agent-workspace/rustup-home:/opt/rustwide/rustup-home:ro,Z" "-e" "SOURCE_DIR=/opt/rustwide/workdir" "-e" "CARGO_TARGET_DIR=/opt/rustwide/target" "-e" "CARGO_HOME=/opt/rustwide/cargo-home" "-e" "RUSTUP_HOME=/opt/rustwide/rustup-home" "-w" "/opt/rustwide/workdir" "-m" "1610612736" "--user" "0:0" "--network" "none" "rustops/crates-build-env@sha256:a636fd89d022f18117e1dc8fb37a0a009933cdbbe082814857f0e2024962d47c" "/opt/rustwide/cargo-home/bin/cargo" "+cfbc6d4cf1acbac5c025acf8ed68929caa551df3" "metadata" "--no-deps" "--format-version=1", kill_on_drop: false }`
[INFO] [stdout] c4f87ce4419b3dd28d73ec3e0c78a5de04b6d6fef1104cdfe937a5f8d9a2be97
[INFO] [stderr] WARNING: Your kernel does not support swap limit capabilities or the cgroup is not mounted. Memory limited without swap.
[INFO] running `Command { std: "docker" "start" "-a" "c4f87ce4419b3dd28d73ec3e0c78a5de04b6d6fef1104cdfe937a5f8d9a2be97", kill_on_drop: false }`
[INFO] running `Command { std: "docker" "inspect" "c4f87ce4419b3dd28d73ec3e0c78a5de04b6d6fef1104cdfe937a5f8d9a2be97", kill_on_drop: false }`
[INFO] running `Command { std: "docker" "rm" "-f" "c4f87ce4419b3dd28d73ec3e0c78a5de04b6d6fef1104cdfe937a5f8d9a2be97", kill_on_drop: false }`
[INFO] [stdout] c4f87ce4419b3dd28d73ec3e0c78a5de04b6d6fef1104cdfe937a5f8d9a2be97
[INFO] running `Command { std: "docker" "create" "-v" "/var/lib/crater-agent-workspace/builds/worker-2/target:/opt/rustwide/target:rw,Z" "-v" "/var/lib/crater-agent-workspace/builds/worker-2/source:/opt/rustwide/workdir:ro,Z" "-v" "/var/lib/crater-agent-workspace/cargo-home:/opt/rustwide/cargo-home:ro,Z" "-v" "/var/lib/crater-agent-workspace/rustup-home:/opt/rustwide/rustup-home:ro,Z" "-e" "SOURCE_DIR=/opt/rustwide/workdir" "-e" "CARGO_TARGET_DIR=/opt/rustwide/target" "-e" "CARGO_INCREMENTAL=0" "-e" "RUST_BACKTRACE=full" "-e" "RUSTFLAGS=--cap-lints=forbid" "-e" "CARGO_HOME=/opt/rustwide/cargo-home" "-e" "RUSTUP_HOME=/opt/rustwide/rustup-home" "-w" "/opt/rustwide/workdir" "-m" "1610612736" "--user" "0:0" "--network" "none" "rustops/crates-build-env@sha256:a636fd89d022f18117e1dc8fb37a0a009933cdbbe082814857f0e2024962d47c" "/opt/rustwide/cargo-home/bin/cargo" "+cfbc6d4cf1acbac5c025acf8ed68929caa551df3" "check" "--frozen" "--all" "--all-targets" "--message-format=json", kill_on_drop: false }`
[INFO] [stderr] WARNING: Your kernel does not support swap limit capabilities or the cgroup is not mounted. Memory limited without swap.
[INFO] [stdout] 5d43ef708427bd0cbee4173df9d07b301c06761e831d7cc70ac3d48085d7c2e0
[INFO] running `Command { std: "docker" "start" "-a" "5d43ef708427bd0cbee4173df9d07b301c06761e831d7cc70ac3d48085d7c2e0", kill_on_drop: false }`
[INFO] [stderr]    Compiling getrandom v0.1.14
[INFO] [stderr]    Compiling serde v1.0.115
[INFO] [stderr]     Checking ppv-lite86 v0.2.9
[INFO] [stderr]     Checking more-asserts v0.2.1
[INFO] [stderr]     Checking bit-vec v0.6.2
[INFO] [stderr]     Checking num-traits v0.2.12
[INFO] [stderr]     Checking rand_core v0.5.1
[INFO] [stderr]     Checking rand_chacha v0.2.2
[INFO] [stderr]     Checking rand v0.7.3
[INFO] [stderr]     Checking ordered-float v1.1.0
[INFO] [stderr]     Checking axgeom v1.6.6
[INFO] [stderr]     Checking dists v0.3.1
[INFO] [stderr]     Checking duckduckgeo v0.4.1 (/opt/rustwide/workdir)
[INFO] [stdout] error[E0308]: mismatched types
[INFO] [stdout]    --> src/grid.rs:386:60
[INFO] [stdout]     |
[INFO] [stdout] 386 |     let mut grid=GridViewPort{origin:vec2(0.0,0.0),spacing:vec2(1920./grid_dim.x as f32,1080./grid_dim.y as f32)};
[INFO] [stdout]     |                                                            ^^^^^^^^^^^^^^^^^^^^^^^^^^^^^^^^^^^^^^^^^^^^^^^^^^^^^ expected `f32`, found struct `axgeom::Vec2`
[INFO] [stdout]     |
[INFO] [stdout]     = note: expected type `f32`
[INFO] [stdout]              found struct `axgeom::Vec2<f32>`
[INFO] [stdout] 
[INFO] [stdout] 
[INFO] [stdout] error[E0610]: `f32` is a primitive type and therefore doesn't have fields
[INFO] [stdout]    --> src/grid.rs:388:45
[INFO] [stdout]     |
[INFO] [stdout] 388 |     let point=grid.origin+vec2(grid.spacing.x,grid.spacing.y+0.5);
[INFO] [stdout]     |                                             ^
[INFO] [stdout] 
[INFO] [stdout] 
[INFO] [stdout] error[E0610]: `f32` is a primitive type and therefore doesn't have fields
[INFO] [stdout]    --> src/grid.rs:388:60
[INFO] [stdout]     |
[INFO] [stdout] 388 |     let point=grid.origin+vec2(grid.spacing.x,grid.spacing.y+0.5);
[INFO] [stdout]     |                                                            ^
[INFO] [stdout] 
[INFO] [stdout] 
[INFO] [stdout] error[E0599]: no method named `unwrap` found for struct `grid::raycast::RayCaster<'_>` in the current scope
[INFO] [stdout]    --> src/grid.rs:394:37
[INFO] [stdout]     |
[INFO] [stdout] 394 |     let k=RayCaster::new(&grid,ray).unwrap().next().unwrap();
[INFO] [stdout]     |                                     ^^^^^^ method not found in `grid::raycast::RayCaster<'_>`
[INFO] [stdout] ...
[INFO] [stdout] 427 |     pub struct RayCaster<'a>{
[INFO] [stdout]     |     ------------------------ method `unwrap` not found for this
[INFO] [stdout] 
[INFO] [stdout] 
[INFO] [stdout] error[E0599]: no method named `unwrap` found for struct `grid::raycast::RayCaster<'_>` in the current scope
[INFO] [stdout]    --> src/grid.rs:400:37
[INFO] [stdout]     |
[INFO] [stdout] 400 |     let k=RayCaster::new(&grid,ray).unwrap().next().unwrap();
[INFO] [stdout]     |                                     ^^^^^^ method not found in `grid::raycast::RayCaster<'_>`
[INFO] [stdout] ...
[INFO] [stdout] 427 |     pub struct RayCaster<'a>{
[INFO] [stdout]     |     ------------------------ method `unwrap` not found for this
[INFO] [stdout] 
[INFO] [stdout] 
[INFO] [stdout] error: aborting due to 5 previous errors
[INFO] [stdout] 
[INFO] [stdout] 
[INFO] [stdout] Some errors have detailed explanations: E0308, E0599, E0610.
[INFO] [stdout] 
[INFO] [stdout] For more information about an error, try `rustc --explain E0308`.
[INFO] [stdout] 
[INFO] [stderr] error: could not compile `duckduckgeo`.
[INFO] [stderr] 
[INFO] [stderr] To learn more, run the command again with --verbose.
[INFO] [stderr] warning: build failed, waiting for other jobs to finish...
[INFO] [stderr] error: build failed
[INFO] running `Command { std: "docker" "inspect" "5d43ef708427bd0cbee4173df9d07b301c06761e831d7cc70ac3d48085d7c2e0", kill_on_drop: false }`
[INFO] running `Command { std: "docker" "rm" "-f" "5d43ef708427bd0cbee4173df9d07b301c06761e831d7cc70ac3d48085d7c2e0", kill_on_drop: false }`
[INFO] [stdout] 5d43ef708427bd0cbee4173df9d07b301c06761e831d7cc70ac3d48085d7c2e0
